e (-5 - (-7 + 8)) + (-5 - -6) + -7.
-12
Calculate -2 + (25 - 2 - 18) - (1 - -1).
1
What is -11 + -10 + (-2 - (-10 - -9)) - 9?
-31
-7 + (27 - 13) + -14 + -2 + 29
20
Calculate -8 - (7 + -11 - 2).
-2
Calculate (-22 - (2 - 18)) + 17.
11
What is 6 - 2 - (3 + (0 - -4))?
-3
What is the value of (1 + -5 + -2 - 2) + (-686 - -673)?
-21
Evaluate -17 + 23 + -4 - (-2 + -5).
9
-18 + (-4 - (-4 + 4)) + 12
-10
Evaluate -15 + -5 + -4 + (6 - (-8 + 10)).
-20
What is the value of -25 + (6 - 7) - (-5 - (8 - 8))?
-21
What is (1 + 21 - (74 + -68)) + -8?
8
What is the value of -865 + 860 + -1 + 36?
30
(-16 - 15) + 2 + 8
-21
What is the value of (-9 + -5 - -1) + 5 + 3?
-5
Evaluate 44 + -17 + 18 + 4 + -22.
27
Calculate -10 - 13 - (-7 - (-13 + 9)).
-20
What is the value of -17 + 22 - (-6 + 13 - 4 - 3)?
5
Evaluate 3 + 0 - -16 - 9.
10
Calculate (-12 - (22 - 29)) + 2.
-3
What is the value of -1 + 3 + -8 + (-34 - -16) + 10?
-14
What is the value of -19 - -73 - (0 - -34)?
20
Calculate (0 - 7) + (-24 - (5 + -23)).
-13
Evaluate -6 + -39 + -25 + 50 + (-9 - 0).
-29
Evaluate -67 - -73 - (-1 + -6).
13
-3 + (14 - (3 - 3)) + (22 - 26)
7
Calculate (31 - 4) + (-7 - (3 + -6)).
23
Calculate -1 + (-2 - -8) - (-41 - -36).
10
(14 - 2) + -92 + 89
9
-7 + 8 + (8 + -4 - 6)
-1
Calculate (2 - -1) + -122 + 123.
4
Evaluate -11 + (-2 - (-5 - -7)) + 5.
-10
What is (25 + -11 - 8) + -7 + (19 - 1)?
17
What is the value of (-25 + 38 - 3) + -15?
-5
Calculate -39 - (-6 - ((-4 - 12) + 12)).
-37
Calculate -1 - -12 - (-33 + 47).
-3
Calculate -4 + (-35 - (17 + -90)).
34
Evaluate 5 + 3 + -10 + 20 + (-3 - 2).
13
What is 9 - (-9 + -1) - -3 - 6?
16
6 - (3 + -3) - (7 - (-2 - -2))
-1
Evaluate -25 + 5 - -16 - -12.
8
Evaluate 7 + (2 + -9 - 33).
-33
32 + (-12 + 1 - (22 - (43 - 20)))
22
Evaluate (10 - (-1 - -43)) + 0.
-32
4 + 2 + 2 + 2 + 2 + -1
11
Evaluate -30 + 31 - (-3 - 1) - 16.
-11
What is the value of 10 + 1 + (-8 - (-12 - 12))?
27
Evaluate 26 + -7 + -8 + 4.
15
(-8 - -21 - 18 - -12) + (2 - 1)
8
Calculate 3 + 1 + (876 - 867).
13
Evaluate 10 + 127 + -140 + -24 + -2.
-29
Evaluate 43 + -4 + -10 + (-10 + -3 - -5).
21
16 - (11 + (-5 - (1 - 8)))
3
Calculate -2 + -17 - -38 - 13.
6
(7 - -51) + -52 + -2 + 1 + -2
3
What is -3 - (52 - 55 - (1 - 12))?
-11
(-1 - (4 + -19 + 11)) + (0 - -6)
9
What is the value of -13 - (-10 - 4 - -13) - 9?
-21
What is the value of -10 - (-7 + -6) - (-4 - (1 + -4))?
4
Calculate 15 + (16 - 31 - 49) + 16.
-33
(-28 - -13 - -27) + (-1 - -6) - 7
10
What is the value of -8 - (-18 + 27 + -18)?
1
Calculate -17 + (16 - 3) - -24.
20
What is the value of -1 - ((-1 - -3 - (-23 - -19)) + 4)?
-11
What is the value of 8 - (0 + 10 + -273 + 266)?
5
Calculate (0 - 31) + 17 + 6.
-8
What is the value of 151 + -169 + -11 + 2?
-27
-2 + -4 + (-1 - (-5 + 10)) + -13
-25
Calculate -13 + (7 - (-11 + -2)) - (0 - -5).
2
Evaluate 612 + -566 + 1 + -49.
-2
Calculate (8 - 25) + (-6 - 6) + 1 + 0.
-28
(4 - -15) + -13 - (4 + 1)
1
-3 + -30 - (-19 + 12)
-26
Calculate -1715 + 1720 + -1 + (5 - -1 - -2).
12
-1 + -2 + 5 + (-6 - -10) + -10
-4
Evaluate -8 - -1 - (-59 - (-52 + 11)).
11
What is the value of 18 - (488 + -491 + 2 + (-8 - 2))?
29
Evaluate -13 - -2 - (3 + 14 + -8 + -16).
-4
Evaluate 2 - (-17 - -6 - -26).
-13
(-2 - 1) + -5 + -5 + -11 + 13
-11
What is (-4 - (-4 - -1)) + -3 + (11 - -2)?
9
Evaluate 74 + -80 + 7 + 4.
5
Evaluate (78 + -41 - 31) + (-1 - 0) + -25.
-20
What is the value of -9 - (14 - (-10 + 48))?
15
Calculate (-16 - (-29 - -28)) + 14.
-1
Evaluate -6 + -11 + (32 - (10 + -8)).
13
What is -7 - (-22 + 17 - 5)?
3
What is 0 - ((0 - 3) + (-5 - (-1 - 6)))?
1
13 + (5 - -3) + (-6 - 7) - 26
-18
Calculate (6 - 10) + 20 - 5.
11
21 + 1 + (17 - -10 - 45)
4
What is 11 + 26 + (-11 - 9)?
17
What is -6 - (-22 + 5) - -7 - 10?
8
72 + -63 - (-2 - -45)
-34
What is 7 + -24 + (6 - -21)?
10
-211 + 224 - (2 - (4 - -1))
16
(-2 + 7 + 7 - (4 + -3)) + -2
9
Evaluate -2 - (-1 - 6) - (-10 + 33 - 17).
-1
Evaluate -1 + (-14 - 0 - (-8 + -2)).
-5
Evaluate -11 + 0 + (-11 - (-2 + (-10 - 6))).
-4
What is the value of 11 + -8 + (10 - 26)?
-13
What is the value of -26 + (-21 + 8 - -30)?
-9
What is the value of -27 + (67 - 27) + -2?
11
What is 45 - 1 - (-466 - -497)?
13
Calculate 39 + -51 + (5 - -1).
-6
Evaluate 17 + -15 + 7 + -27 - -9.
-9
Evaluate (-9 - (9 - 17)) + 10.
9
0 + 7 - (-16 + (35 - 22))
10
What is the value of (-65 + 53 - (0 - 9)) + -8?
-11
What is the value of (1 - 5 - 4) + 10 - 3?
-1
Evaluate 2 + 20 - (-203 - -208).
17
Calculate (16 - (0 - -20)) + -5.
-9
Calculate 57 + -65 + (-1 - -6).
-3
What is the value of 5 + -1 - (19 - 28 - -5)?
8
Evaluate 4 + (20 - 10) - -10.
24
Calculate 2 - (0 + (0 - 7)) - -7.
16
Evaluate -5 - ((2 - -1) + (-14 - -5 - -8)).
-7
6 + 1 - (13 - 5) - (-2 - 6)
7
Calculate -12 + 13 + -12 + 9 + -5 + 34.
27
-4 + (8 - 14 - (0 + -2 + -1))
-7
What is -14 + 12 + 1 + 4?
3
What is the value of (-7 - 4) + 8 + 0?
-3
Evaluate (-1 + -3 - 2) + (33 - 28).
-1
What is the value of 0 + -5 - (32 - 26)?
-11
Calculate -8 - -8 - (-9 - -3).
6
Evaluate -57 + 55 + (1 - -11).
10
Evaluate 10 + 3 + (-6 - (-5 - 2 - 3)).
17
What is the value of -12 + (18 - -1) + -18?
-11
Evaluate -2 + -10 + 4 + -2.
-10
6 + -16 + 6 + -18 + -13
-35
Calculate 39 - (-32 + 67 - 21).
25
-34 - (-26 + -10 - -11)
-9
Evaluate -3 - 7 - (-8 + 0) - 0.
-2
Evaluate -6 + (-83 - -61) - (-1 + -2).
-25
What is 28 - (-17 - -46 - -10)?
-11
What is -21 + 36 + -11 + -1 + 5 + 0?
8
What is (14 + -9 + -1 - 5) + -18?
-19
-18 + (13 - 20) - -12
-13
14 - (5 + (1 - -7 - 23) + 7)
17
What is (-4 - -2) + -1 - (98 + -96) - 3?
-8
Evaluate 0 + (5 + -6 + 1 - -4 - 11).
-7
(-4 - -33 - (42 + -18)) + (1 - 16)
-10
-12 + (6 - -6) + 0
0
Evaluate -28 - (-15 - -20 - 24).
-9
What is the value of -35 + 7 + 49 + (0 - (-3 - 2))?
26
What is the value of -5 - -1 - (-552 - -532)?
16
What is the value of (-12 - (9 + (16 - 40))) + -3 + -1?
-1
Calculate 8 - (-6 + -10 + 31 + -10).
3
Calculate -29 + -12 - (9 + (-12 - (4 + -3))).
-37
Evaluate -4 + -6 - -7 - (-10 - -6).
1
What is 11 - (8 + 13) - -15?
5
(-1 - -12) + (-8 - (-10 - -14) - -10)
9
Calculate 15 + -6 + (-8 - (6 + 2)).
-7
What is the value of (8 - (3 + -5)) + (27 + -15 - 8)?
14
6 + (15 - 0) + (-6 - 1)
14
Calculate 1 + -13 - -5 - (-33 + 31).
-5
Evaluate 3667 + -3706 - ((0 - 1) + -4).
-34
What is 1 + (6 + -4 + -6 + 3 - 2)?
-2
What is the value of (4 - 2) + 3 + -46 + 31 + -21?
-31
What is 8 - (-54 + 46 + 2 + 3)?
11
Evaluate 12 - (0 + -1 - -11).
2
Calculate -1 + 8 + (-1 - -10) + -10 + -1.
5
What is the value of (0 + -10 - (-44 - -24)) + 1 + -4?
7
Calculate (-12 - 8) + -3 + 13.
-10
What is -6 + 7 - (-1 + -4 - -15)?
-9
Calculate -6 - -13 - (-2 + -1) - (2 - -1).
7
What is -1 + -2 - (-109 - -137)?
-31
What is the value of 0 + -8 + (5 - 13 - -20)?
4
What is 4 - 2 - 5 - -15 - (1 + -3)?
14
Calculate -1 - 2 - (-90 - -87).
0
What is the value of (0 + -7 - 8) + 16?
1
What is the value of -11 - (6 + -12 + 4)?
-9
What is (-13 - (-29 - -5 - -4)) + -1 + 6?
12
What is -9 + 9 + -58 + 31?
-27
What is the value of (-1 - 20) + 4 + 40?
23
What is 0 + -2 + -207 + 207?
-2
1 - 5 - (-24 + 2 - -25)
-7
What is (17 - ((-7 - 4) + 12)) + -3 + 0?
13
What is 7 - (-9 + 11 - -4)?
1
27 + -75 + 27 - 3
-24
What is (88 - 85) + (-5 - -4)?
2
(-42 - -69) + -33 - -6
0
0 - (-4 + 13 + -8)
-1
Evaluate -4 + (10 - (5 + -3) - (2 + 4)).
-2
What is the value of -12 + (0 + 14 - (-142 - -150))?
-6
19 - (-35 - (3 - 34))
23
What is the value of 65 - 64 - (-7 - (1 - 1))?
8
What is the value of 2 + (-85 - -77) + (-1 - 2) + 17?
8
1 + (32 + -3 - (-3 + -1 - -7))
27
Calculate 21 - 18 - -3 - 4.
2
What is -7 + (-1 - (0 - 8)) - -5?
5
Calculate -5 + (-21 - -13) + (3 - -4) + -10.
-16
Calculate 1 + 1 - ((-16 - -8) + 2).
8
What is 6 - 1 - (-1 - (-5 + 1))?
2
Calculate (1 + -2 - (-29 - -25)) + 0 + 7.
10
What is the value of -3 - 0 - (-22 + 27) - -9 - 13?
-12
Calculate -17 + -9 + (9 - 5) + 8 + 2.
-12
What is the value of (-7 - 1) + 25 + 10 - 8?
19
What is (14 - 14 - -3) + (1 + -5 - -1)?
0
0 + 8 + -2 + 6 + -11
1
Calculate -1 - -5 - (16 + (4 + 2 - 5)).
-13
Calculate (-241 - -223) + (-1 - -15).
-4
What is the value of 1 + (-1 - -16) + (505 - 510)?
11
What is the value of -15 + (-21 + -1 - -21)?
-16
Evaluate (-199 - -226) + -52 + -2.
-27
What is the value of -7 + -11 - (-6 + -1)?
-11
What is the value of 27 + (17 - -11 - 30)?
25
What is 4 + 5 + -9 + 6?
6